{"id":213,"date":"2011-09-08T08:04:30","date_gmt":"2011-09-08T08:04:30","guid":{"rendered":"http:\/\/192.168.1.15\/?page_id=213"},"modified":"2011-09-30T15:50:39","modified_gmt":"2011-09-30T15:50:39","slug":"tri-color-%e2%80%9cveggie%e2%80%9d-pate-with-herbed-mayonnaise","status":"publish","type":"page","link":"https:\/\/thebeatdivas.com\/?page_id=213","title":{"rendered":"Tri-Color \u201cVeggie\u201d Pat\u00e9 with Herbed Mayonnaise"},"content":{"rendered":"<div id=\"attachment_476\" style=\"width: 235px\" class=\"wp-caption alignright\"><a href=\"https:\/\/thebeatdivas.com\/wp-content\/uploads\/2011\/09\/Tri-Color-Pate-smaller.jpg\"><img loading=\"lazy\" decoding=\"async\" aria-describedby=\"caption-attachment-476\" class=\"size-medium wp-image-476\" title=\"Tri Color Pate smaller\" src=\"https:\/\/thebeatdivas.com\/wp-content\/uploads\/2011\/09\/Tri-Color-Pate-smaller-225x300.jpg\" alt=\"\" width=\"225\" height=\"300\" srcset=\"https:\/\/thebeatdivas.com\/wp-content\/uploads\/2011\/09\/Tri-Color-Pate-smaller-225x300.jpg 225w, https:\/\/thebeatdivas.com\/wp-content\/uploads\/2011\/09\/Tri-Color-Pate-smaller.jpg 600w\" sizes=\"auto, (max-width: 225px) 100vw, 225px\" \/><\/a><p id=\"caption-attachment-476\" class=\"wp-caption-text\">Tri-Color &quot;Veggie&quot; Pat\u00e9 with Herbed Mayonaise<\/p><\/div>\n<p><strong>Tri-Color \u201cVeggie\u201d Pat\u00e9 with Herbed Mayonnaise<\/strong><br \/>\nThe Beat Divas &#8212; Mady Kaye<\/p>\n<p>9 beets, about 1\u00bc pounds<br \/>\n1 pound carrots, trimmed, scraped &amp; cut into rounds = about 2\u00bd cups<br \/>\nTwo 10 oz. pckgs. frozen chopped spinach, thawed completely<br \/>\n1\u00bd pounds lean veal*<br \/>\n1 egg<br \/>\n1\u00bd cups heavy cream<br \/>\nSalt &amp; fresh ground pepper, to taste<br \/>\n1\/8 tsp. nutmeg<br \/>\nVegetable oil for greasing the pan or Pam<\/p>\n<p>1. Cut off and discard stems from beets. Put beets in saucepan. Add water to cover and bring to a boil. Simmer about 35 minutes or until tender. Drain, rinse under cold water, take off skins.<br \/>\n2. Meanwhile, drop carrots into a saucepan of boiling water. Cook about 5 minutes. Drain. Put carrots into food processor and blend thoroughly. Spoon and scrape mixture into a bowl and set aside.<br \/>\n3. Squeeze spinach to extract the water. Put into bowl of food processor and blend thoroughly. Spoon and scrape into another bowl. Set aside. You should have 1\u00bd cups.<br \/>\n4. Slice beets and put into food processor. Blend thoroughly. Spoon and scrape mixture into a third bowl. Set aside.<br \/>\n5. Put veal into food processor and blend well. Add egg and blend. Gradually add cream while blending. Season with salt, pepper and nutmeg.<br \/>\n6. Divide veal mixture into three parts and add 1\/3 to carrots, 1\/3 to beets, 1\/3 to spinach.<br \/>\nMix each very thoroughly.<br \/>\nPreheat oven to 400\u00b0.<\/p>\n<p>Using oil, lightly grease inside of a 9x5x2\u00be loaf pan. The goal in filling the pan is to achieve a checkered pattern with each puree.<br \/>\n1. Fill the bottom of the pan with two evenly packed lengthwise layers, using \u00bd of the spinach mixture and \u00bd of the carrot mixture. Spoon the spinach mixture carefully to cover half of the bottom of the pan lengthwise, smoothing over the top. Spoon the carrot mixture next to it, smoothing over the top.<br \/>\n2. Top the spinach mixture with \u00bd of the beet mixture, smoothing over the top. Top carrot mixture with remaining spinach mixture, smoothing over the top.<br \/>\n3. Top beet mixture with remaining carrot mixture, smoothing over the top. Top middle spinach mixture with remaining beet mixture, smoothing over the top.<br \/>\nCover loaf pan loosely with foil. Place loaf pan in a larger baking pan and fill about half way up the side of the loaf pan with boiling water.<br \/>\nPlace pans in oven and bake 75 minutes. Remove loaf pan from water bath.. Let cool. Chill thoroughly \u2013 preferably overnight \u2013 before unmolding and slicing. Garnish with herbs. Serve with herbed mayonnaise. Bring almost to room temperature before serving.<\/p>\n<p>*Ground chicken breast may be substituted for the veal, with the addition of another egg.<\/p>\n<p>Herbed Mayonnaise:<\/p>\n<p>1\u00bd cups Hellman\u2019s Light Mayonnaise<br \/>\n1 tsp. Dijon mustard<br \/>\n1 TBSP. white wine vinegar<br \/>\n1 TBSP. finely chopped parsley<br \/>\n1 TBSP. finely chopped fresh tarragon<br \/>\n2 TBSP. finely chopped cornichons (small sour gherkins)<br \/>\n2 TBSP. finely chopped capers, drained<br \/>\n1 TBSP. finely chopped shallots<br \/>\n1\/3 cup olive oil<br \/>\nSalt &amp; freshly ground pepper, to taste<\/p>\n<p>Whisk all ingredients together. Chill overnight for full flavor. Bring to room temperature<br \/>\nbefore serving. Yield: about 2 cups<\/p>\n<p>Cook\u2019s Notes:<br \/>\nThis is an eye-popping pat\u00e9. It can be served in thin slices as an appetizer or<br \/>\nthicker slices for entr\u00e9e. For the entr\u00e9e, I serve it with green salad and steamed<br \/>\nasparagus, all on the same plate. The colors are fabulous, and the herbed mayonnaise is great on the asparagus too. I like to make a lot of the mayo, as it\u2019s a popular item.<br \/>\nDill can be used instead of tarragon. If you can find fresh (winter) savory, that\u2019s<br \/>\nanother herb that is great in the sauce if you don\u2019t favor tarragon.<\/p>\n<p>During cooking, the pat\u00e9 shrinks slightly, so make sure that the veggie pur\u00e9e comes right into the edges of the loaf pan and all corners are filled in. Otherwise there are gaps where the pur\u00e9es meet.<\/p>\n","protected":false},"excerpt":{"rendered":"<p>Tri-Color \u201cVeggie\u201d Pat\u00e9 with Herbed Mayonnaise The Beat Divas &#8212; Mady Kaye 9 beets, about 1\u00bc pounds 1 pound carrots, trimmed, scraped &amp; cut into rounds = about 2\u00bd cups Two 10 oz. pckgs. frozen chopped spinach, thawed completely 1\u00bd pounds lean veal* 1 egg 1\u00bd cups heavy cream Salt \u2026 <a href=\"https:\/\/thebeatdivas.com\/?page_id=213\"> Continue reading <span class=\"meta-nav\">&rarr; <\/span><\/a><\/p>\n","protected":false},"author":1,"featured_media":0,"parent":0,"menu_order":0,"comment_status":"closed","ping_status":"closed","template":"","meta":{"footnotes":""},"class_list":["post-213","page","type-page","status-publish","hentry"],"_links":{"self":[{"href":"https:\/\/thebeatdivas.com\/index.php?rest_route=\/wp\/v2\/pages\/213","targetHints":{"allow":["GET"]}}],"collection":[{"href":"https:\/\/thebeatdivas.com\/index.php?rest_route=\/wp\/v2\/pages"}],"about":[{"href":"https:\/\/thebeatdivas.com\/index.php?rest_route=\/wp\/v2\/types\/page"}],"author":[{"embeddable":true,"href":"https:\/\/thebeatdivas.com\/index.php?rest_route=\/wp\/v2\/users\/1"}],"replies":[{"embeddable":true,"href":"https:\/\/thebeatdivas.com\/index.php?rest_route=%2Fwp%2Fv2%2Fcomments&post=213"}],"version-history":[{"count":5,"href":"https:\/\/thebeatdivas.com\/index.php?rest_route=\/wp\/v2\/pages\/213\/revisions"}],"predecessor-version":[{"id":475,"href":"https:\/\/thebeatdivas.com\/index.php?rest_route=\/wp\/v2\/pages\/213\/revisions\/475"}],"wp:attachment":[{"href":"https:\/\/thebeatdivas.com\/index.php?rest_route=%2Fwp%2Fv2%2Fmedia&parent=213"}],"curies":[{"name":"wp","href":"https:\/\/api.w.org\/{rel}","templated":true}]}}